 812. Give p(7).
-259
Let t(j) = j**3 - 13*j**2 - 8*j + 102. Give t(5).
-138
Let o(f) = f**3 + 36*f**2 - 393*f - 10. What is o(9)?
98
Let w(y) = 28*y**2 + 29*y + 1. Calculate w(-2).
55
Let z(w) = 24*w**2 - 3*w - 31. What is z(5)?
554
Let l(m) = 222*m**2 - 563*m - 3. Determine l(3).
306
Let g(v) = v**3 - 4*v**2 - 70*v + 282. Give g(4).
2
Let m(w) = 65*w + 1243. Give m(-18).
73
Let l(d) = d**2 - 21*d + 197. What is l(8)?
93
Let r(y) = 4*y**2 + 45*y + 176. Calculate r(-10).
126
Let o(u) = -u**2 + 45*u - 507. What is o(22)?
-1
Let z(d) = 3553*d + 7101. Calculate z(-2).
-5
Let j(o) = 202*o + 1145. Determine j(-5).
135
Let k(i) = -3*i**2 - 12*i - 6. Give k(3).
-69
Let s(k) = 8431*k**2 + 75877*k - 11. Determine s(-9).
7
Let v(c) = -c**3 - 181*c**2 - 19*c - 3477. Give v(-181).
-38
Let v(j) = 11*j + 789. What is v(-71)?
8
Let v(m) = -m**3 - 22*m**2 + 77*m + 1216. What is v(-23)?
-26
Let o(d) = d**3 - 21*d**2 + 12*d + 102. Give o(20).
-58
Let g(h) = -60*h**2 + 1368*h + 279. What is g(23)?
3
Let n(l) = -249*l + 3. What is n(0)?
3
Let x(l) = 6*l - 55. Determine x(5).
-25
Let r(m) = -21*m + 5. Determine r(-13).
278
Let j(a) = 2*a**3 + 20*a**2 + 41*a + 201. Give j(-9).
-6
Let p(q) = 4*q**2 - 6*q - 1. Give p(5).
69
Let n(o) = o**3 + o**2 - 199*o - 8. What is n(13)?
-229
Let n(o) = -2*o - 7. Give n(60).
-127
Let a(l) = -9*l**2 + 575*l + 64. Give a(64).
0
Let b(m) = 36*m**2 - 2094*m + 353. Give b(58).
5
Let w(b) = 169*b + 489. Calculate w(-3).
-18
Let r(v) = -v**3 + v**2 + 22*v - 47. Determine r(3).
1
Let f(x) = x**3 - x**2 - 34*x - 5. Give f(0).
-5
Let d(j) = j**3 + 103*j**2 - 917*j - 94448. Determine d(-103).
3
Let z(c) = -c**2 - 941*c - 28208. What is z(-31)?
2
Let k(q) = 35*q + 113. Give k(-4).
-27
Let w(a) = -a**3 - 145*a**2 - 1962*a - 1558. Determine w(-130).
2
Let i(g) = g**2 + 1308*g + 30816. Give i(-24).
0
Let y(t) = 7*t**2 - 13*t - 75. Calculate y(-4).
89
Let n(c) = c**3 - 24*c**2 + 14*c - 79. Give n(24).
257
Let t(j) = -2*j**3 + 142*j**2 + 144*j - 3. Give t(72).
-3
Let i(b) = 3*b**3 + 20*b**2 - 61*b - 373. What is i(-7)?
5
Let t(o) = -o**3 + 15*o**2 + 27*o - 37. What is t(17)?
-156
Let p(c) = -c**2 + 7488*c - 22464. What is p(3)?
-9
Let y(p) = -p**2 + 17*p + 56. Give y(21).
-28
Let n(c) = c**3 + 60*c**2 + 13*c + 793. What is n(-60)?
13
Let p(d) = -d**3 - 18*d**2 - 47*d - 29. Give p(-15).
1
Let k(y) = -70*y**2 - 3*y + 16. Calculate k(-3).
-605
Let z(y) = -y**2 - 75*y + 953. Determine z(-86).
7
Let y(b) = 2*b**3 - 127*b**2 + 985*b - 27. What is y(9)?
9
Let t(p) = 5*p**2 + 17*p + 30. What is t(-5)?
70
Let o(z) = -16*z - 77. Calculate o(-5).
3
Let c(r) = -2*r**2 - 268*r + 59. What is c(0)?
59
Let a(n) = -2*n**3 + 7*n**2 + 40*n - 209. Give a(4).
-65
Let h(v) = 79*v - 947. Calculate h(26).
1107
Let w(r) = r**2 + 153*r - 2129. What is w(12)?
-149
Let v(d) = -d**2 + 32*d + 37. Give v(33).
4
Let p(r) = -4*r**2 - 58*r - 175. Determine p(-10).
5
Let r(f) = -2*f**3 - 20*f**2 + 731*f - 481. Determine r(-25).
-6
Let a(m) = -m**2 + 33*m + 1006. What is a(51)?
88
Let u(p) = 33*p + 1860. Give u(-54).
78
Let w(n) = 680*n + 3269. Give w(-5).
-131
Let d(h) = 52*h**2 + 2*h - 2. Give d(-1).
48
Let f(y) = -32*y + 505. Determine f(16).
-7
Let t(b) = b**3 - 26*b**2 - 16*b + 11. Calculate t(27).
308
Let i(t) = 134*t**2 - 666*t - 6. What is i(5)?
14
Let z(s) = -41*s - 2006. What is z(-49)?
3
Let p(v) = -3*v**2 + 32*v - 78. Determine p(6).
6
Let i(s) = -s**2 - 4*s - 16. Calculate i(7).
-93
Let v(d) = -6*d**3 - 577*d**2 - 91*d + 450. Calculate v(-96).
-30
Let g(s) = -627*s + 10658. What is g(17)?
-1
Let v(n) = -35*n + 21. What is v(-2)?
91
Let d(u) = u**2 - 1122*u - 11322. Determine d(-10).
-2
Let m(n) = -98*n - 184. Give m(-3).
110
Let o(k) = 3*k**3 - 199*k**2 + 61*k + 334. Calculate o(66).
4
Let b(f) = -f**3 + 5*f**2 + 26*f + 97. Give b(9).
7
Let j(c) = 4*c + 24. Determine j(-11).
-20
Let b(o) = 3*o**2 + 66*o - 135. Calculate b(-24).
9
Let b(j) = j**3 - 8*j**2 + 11*j + 14. What is b(6)?
8
Let s(b) = 6*b**3 - 98*b**2 + 254*b + 2. Give s(3).
44
Let g(h) = h**3 - 14*h**2 + 50*h - 46. What is g(9)?
-1
Let q(s) = s**3 + 15*s**2 + 43*s + 17. What is q(-7)?
108
Let n(d) = 432*d + 25941. Give n(-60).
21
Let j(x) = -7*x**3 - 6*x**2 - 17*x - 48. Give j(-4).
372
Let x(n) = 438*n - 60036. Give x(137).
-30
Let i(t) = 3748*t + 48709. Give i(-13).
-15
Let l(x) = -14*x - 69. Give l(23).
-391
Let p(i) = -1231*i - 8. Give p(0).
-8
Let v(m) = -1523*m + 10642. Calculate v(7).
-19
Let x(w) = w**3 - 15*w**2 + 16*w + 5. What is x(8)?
-315
Let b(m) = -2*m**3 + 6*m**2 - 2888*m + 8645. Determine b(3).
-19
Let j(v) = v**2 + 2*v - 25. Calculate j(5).
10
Let i(f) = -4*f**2 + 304*f - 4610. Calculate i(55).
10
Let k(p) = -8*p**2 - 68*p - 7. Calculate k(-9).
-43
Let n(u) = -182*u + 331. Give n(2).
-33
Let q(w) = 2*w**2 + 837*w + 8967. Calculate q(-11).
2
Let m(v) = -v**3 - 101*v**2 + 310*v - 360. Determine m(-104).
-152
Let f(v) = 4*v**2 + 2*v - 174. Give f(-7).
8
Let w(p) = -121*p + 2202. Calculate w(18).
24
Let y(o) = 2*o**3 - 13*o**2 - 98*o + 278. What is y(10)?
-2
Let m(u) = u**2 + 34*u + 276. What is m(-21)?
3
Let c(l) = 2*l**2 - 38*l - 277. Calculate c(26).
87
Let a(q) = -2*q**2 - 162*q - 1049. Calculate a(-7).
-13
Let i(f) = f**2 + 92*f + 603. Give i(-7).
8
Let o(f) = 6*f**2 + 215*f - 3432. What is o(12)?
12
Let t(z) = -320*z - 8. What is t(-1)?
312
Let y(m) = 2*m**3 - 29*m**2 - 80*m - 76. Calculate y(17).
9
Let f(d) = -10*d**2 - 10*d + 23. Determine f(7).
-537
Let j(x) = x**3 + 6*x**2 - 84*x - 278. What is j(-3)?
1
Let y(h) = h**2 + 56*h + 325. Determine y(-8).
-59
Let n(r) = 16404*r + 213244. Calculate n(-13).
-8
Let t(q) = -q**3 - 8*q**2 + 150*q - 42. What is t(-17)?
9
Let h(j) = 110*j - 8809. Calculate h(80).
-9
Let x(b) = -2*b**2 - 28*b - 102. Determine x(-10).
-22
Let d(m) = -m**2 - 656*m - 8987. Give d(-14).
1
Let m(w) = -8*w - 67. Determine m(-30).
173
Let j(z) = -22*z + 139. Determine j(5).
29
Let s(c) = -272*c**2 - 25*c + 26. Determine s(1).
-271
Let h(o) = 12*o - 153. What is h(36)?
279
Let k(m) = 3*m**2 + 28*m - 41. Determine k(3).
70
Let w(r) = -2*r**3 - 10*r**2 + 29*r + 4. Give w(-7).
-3
Let f(z) = 3*z**3 + 12*z**2 + 3*z + 1. Calculate f(1).
19
Let u(q) = -33*q**2 + 59*q + 176. What is u(-3)?
-298
Let t(o) = -2*o**3 + 3*o**2 - 20*o - 5. Calculate t(5).
-280
Let d(g) = -4*g**2 - 90*g - 71. Give d(-23).
-117
Let s(w) = w**3 + 44*w**2 + 57*w + 432. Calculate s(-43).
-170
Let i(f) = -f**3 - 2*f**2 - f - 5. Calculate i(0).
-5
Let t(k) = 5*k**2 - 329*k - 393. Determine t(67).
9
Let o(j) = 16*j**2 + 68*j - 469. Calculate o(-8).
11
Let v(y) = -7*y**2 + 118*y + 883. Give v(-7).
-286
Let h(y) = -118*y + 4949. Determine h(42).
-7
Let a(p) = 1079*p - 2157. Determine a(2).
1
Let f(t) = -2*t**3 - 217*t**2 + 562*t + 744. Calculate f(-111).
-33
Let f(b) = -459*b + 6877. Calculate f(15).
-8
Let l(d) = 265*d + 3437. Give l(-13).
-8
Let d(g) = -2*g**3 - 16*g**2 - 33*g - 2. What is d(-4)?
2
Let j(v) = 2*v**2 + 179*v + 3904. Determine j(-51).
-23
Let t(s) = -s**3 + 15*s**2 - 10*s + 152. Determine t(15).
2
Let d(q) = 950*q + 277404. Calculate d(-292).
4
Let l(x) = 54*x + 1. What is l(3)?
163
Let f(b) = -31*b - 169. Give f(9).
-448
Let n(o) = 102*o - 196. Determine n(2).
8
Let t(z) = 57*z - 9466. Calculate t(166).
-4
Let v(d) = -d**2 - 10*d + 14. Give v(-15).
-61
Let o(c) = 2*c**2 + 12*c - 42. Calculate o(4).
38
Let s(y) = y**3 - 12*y**2 - 151*y + 1121. Calculate s(17).
-1
Let r(n) = 13*n - 120. Calculate r(13).
49
Let l(n) = 4*n**3 + 18*n**2 - 64*n - 286. What is l(-4)?
2
Let o(r) = 6*r + 263. Determine o(-42).
11
Let u(w) = -w**3 - 9*w**2 + 10*w - 11. Determine u(-11).
121
Let o(p) = -2*p**3 - 122*p**2 + 2*p + 25. Calculate o(-61).
-97
Let l(w) = -2*w**2 + 32*w - 172. Determine l(5).
-62
Let c(k) = 938*k - 15011. What is c(16)?
-3
Let m(a) = 65*a + 4. Give m(2).
134
Let w(l) = 13*l - 239. What is w(32)?
177
Let x(b) = -7*b**2 + 90*b - 254. Determine x(4).
-6
Let k(h) = h**3 + 13*h**2 - 4*h - 29. Calculate k(-4).
131
Let v(u) = -2*u**3 + 19*u**2 + 11*u - 20. Calculate v(10).
-10
Let s(m) = -5*m**2 - 44*m + 581. Determine s(-16).
5
Let d(c) = c**3 + 34*c**2 - 47*c - 282. Give d(-35).
138
Let r(g) = -812*g - 21931. What is r(-27)?
-7
Let g(h) = 5*h**3 - 3*h**2 - 2*h + 2. Give g(0).
2
Let s(j) = -49*j**3 +